10001000001
Convert 18606 (base 9) to base 4.
3021111
-d080 (base 16) to base 3
-2201012220
What is -20053 (base 7) in base 8?
-11350
What is -506 (base 7) in base 12?
-18b
Convert -11201 (base 5) to base 13.
-498
-1001021 (base 3) to base 12
-537
Convert -274ac (base 13) to base 3.
-10201120112
Convert -12033 (base 7) to base 13.
-1554
What is 5223 (base 7) in base 5?
24310
Convert 267 (base 13) to base 11.
355
-1233 (base 4) to base 3
-11010
Convert -100101001 (base 2) to base 5.
-2142
Convert -665 (base 13) to base 3.
-1111122
-2711 (base 8) to base 9
-2025
What is -646b (base 13) in base 3?
-201010120
Convert 2124 (base 8) to base 4.
101110
14023 (base 5) to base 9
1504
1213333 (base 4) to base 15
1e8a
20478 (base 9) to base 10
13517
Convert -a5f (base 16) to base 5.
-41110
-670 (base 10) to base 6
-3034
What is -24a (base 12) in base 4?
-11122
Convert -1312013 (base 4) to base 12.
-445b
What is -12440 (base 5) in base 14?
-511
What is 130 (base 15) in base 13?
17a
-110001110011100 (base 2) to base 6
-314020
Convert -d62 (base 15) to base 7.
-11540
-12220201 (base 3) to base 7
-15400
What is 1401 (base 7) in base 14?
2a8
-1044 (base 6) to base 4
-3310
What is 101001101 (base 2) in base 15?
173
What is 522010 (base 6) in base 13?
160cb
Convert -960 (base 11) to base 7.
-3240
200201 (base 5) to base 15
1d01
-26018 (base 9) to base 13
-7c82
Convert -23133 (base 7) to base 16.
-1710
Convert 1745 (base 8) to base 2.
1111100101
61b5 (base 12) to base 15
324e
Convert 23730 (base 10) to base 8.
56262
Convert 23b (base 14) to base 11.
375
Convert 10100110011001 (base 2) to base 16.
2999
What is -1110011011011101 (base 2) in base 6?
-1133341
What is -753 (base 13) in base 16?
-4e3
What is 12460 (base 15) in base 8?
161775
Convert 62 (base 15) to base 12.
78
Convert 4495 (base 16) to base 12.
a1b1
Convert 13245 (base 6) to base 13.
c14
What is c4ba (base 15) in base 8?
121147
What is -110111101000011 (base 2) in base 11?
-1a444
What is -400220 (base 6) in base 8?
-74724
-246d (base 14) to base 3
-22201220
248 (base 14) to base 6
2040
What is -27466 (base 9) in base 2?
-100100010110001
What is -1000100110010000 (base 2) in base 16?
-8990
Convert 312321 (base 4) to base 10.
3513
-1100011110111 (base 2) to base 5
-201031
What is -24717 (base 8) in base 13?
-4b44
Convert 671 (base 8) to base 15.
1e6
What is 14a7 (base 11) in base 15?
88c
What is 23a (base 16) in base 12?
3b6
What is 144 (base 11) in base 12?
121
Convert 13859 (base 10) to base 7.
55256
414b (base 12) to base 6
52535
What is -18914 (base 11) in base 9?
-40175
Convert -886 (base 14) to base 7.
-4626
Convert -12302 (base 5) to base 3.
-1022021
What is -1b059 (base 12) in base 10?
-39813
de1 (base 16) to base 15
10bd
-2ab (base 12) to base 7
-1136
-2373 (base 12) to base 4
-332013
Convert 401 (base 16) to base 14.
533
What is -1031 (base 7) in base 15?
-195
What is 6181 (base 12) in base 4?
2211301
Convert 341c (base 13) to base 4.
1301330
-3a13 (base 15) to base 16
-3069
53de (base 15) to base 10
17759
-82033 (base 9) to base 13
-1b750
Convert -33231 (base 5) to base 6.
-14420
What is -765 (base 13) in base 9?
-1656
-21855 (base 9) to base 2
-11100011010101
Convert -11207 (base 8) to base 11.
-3622
Convert 12423 (base 8) to base 6.
40551
Convert 11001110111 (base 2) to base 6.
11355
Convert -1a0c (base 13) to base 7.
-14240
-3ba (base 13) to base 9
-813
What is -1845 (base 9) in base 13?
-851
-10596 (base 12) to base 2
-101010001000010
What is 2c2 (base 15) in base 3?
212102
What is 13663 (base 8) in base 12?
3617
3364 (base 8) to base 16
6f4
Convert -345425 (base 6) to base 10.
-29753
Convert 56 (base 10) to base 2.
111000
-15125 (base 6) to base 16
-97d
3113233 (base 4) to base 16
35ef
Convert 6888 (base 15) to base 14.
8122
Convert 3012003 (base 4) to base 8.
30603
What is a141 (base 15) in base 7?
201142
What is -b2d (base 16) in base 15?
-cab
What is 11201012 (base 3) in base 2?
110101101010
Convert 1444 (base 5) to base 14.
13b
-ccb (base 16) to base 7
-12356
Convert 3126 (base 7) to base 14.
586
1475a (base 13) to base 2
1001011011001111
Convert -656 (base 12) to base 3.
-1021110
Convert -6381 (base 9) to base 12.
-286a
Convert 2820 (base 11) to base 9.
5007
What is -2042 (base 10) in base 12?
-1222
What is -2421 (base 6) in base 15?
-294
Convert -2c0a (base 13) to base 10.
-6432
What is 36700 (base 9) in base 4?
12000300
Convert 33012301 (base 4) to base 9.
103777
-340 (base 16) to base 14
-436
Convert -13020 (base 5) to base 12.
-702
What is -27ce (base 16) in base 3?
-111222102
26369 (base 12) to base 14
15117
What is 42222 (base 5) in base 7?
11125
357 (base 13) to base 7
1455
-a40 (base 15) to base 3
-10011120
What is 23223 (base 6) in base 16?
cff
Convert 71ef (base 16) to base 5.
1413132
Convert 2727 (base 15) to base 10.
8362
What is -1000 (base 2) in base 5?
-13
-217a (base 16) to base 12
-4b62
-224 (base 9) to base 13
-112
What is 1385 (base 10) in base 12?
975
-741 (base 14) to base 2
-10110010101
What is -510 (base 15) in base 14?
-5b6
What is 21020 (base 3) in base 10?
195
What is 10000011010110 (base 2) in base 11?
6352
10000101 (base 2) to base 7
250
Convert -12776 (base 8) to base 3.
-21201112
cb1 (base 14) to base 3
10102212
25617 (base 8) to base 14
40c7
What is -c02 (base 13) in base 7?
-5630
1678 (base 10) to base 7
4615
What is -20 (base 14) in base 9?
-31
Convert 1100101001 (base 2) to base 7.
2234
Convert 51206 (base 8) to base 6.
241450
-1131 (base 9) to base 6
-3514
Convert 2b40 (base 12) to base 5.
130323
What is 5740 (base 9) in base 11?
3212
Convert -194 (base 13) to base 7.
-563
14432 (base 6) to base 7
6530
Convert 1313033 (base 4) to base 6.
55155
-571 (base 9) to base 10
-469
Convert -10011011001 (base 2) to base 3.
-1200222
Convert 8c (base 13) to base 10.
116
Convert -42e4 (base 15) to base 6.
-145324
Convert -323a (base 13) to base 2.
-1101101000010
What is -32386 (base 12) in base 9?
-110723
Convert -ee (base 15) to base 7.
-440
What is -308 (base 15) in base 9?
-838
Convert 102201 (base 3) to base 15.
161
Convert -333213 (base 4) to base 9.
-5523
What is -216 (base 15) in base 2?
-111010111
What is -7803 (base 12) in base 15?
-3dd6
Convert -31753 (base 8) to base 7.
-53515
Convert -101101001100 (base 2) to base 15.
-ccc
2597 (base 12) to base 8
10303
17a (base 14) to base 13
1a5
-1101010001111001 (base 2) to base 5
-3220033
-3102 (base 5) to base 16
-192
Convert -15344 (base 8) to base 12.
-3b98
-16347 (base 9) to base 15
-34d1
What is 1130250 (base 6) in base 13?
20790
What is -611 (base 9) in base 7?
-1306
-132 (base 12) to base 2
-10110110
What is 980 (base 12) in base 6?
10240
-1005342 (base 6) to base 2
-1011101011111110
441 (base 13) to base 10
729
-35235 (base 6) to base 10
-5063
124e (base 16) to base 7
16443
Convert -7fc7 (base 16) to base 8.
-77707
-1340303 (base 5) to base 16
-6bba
What is 1100101101 (base 2) in base 14?
421
327 (base 12) to base 6
2051
What is -5815 (base 10) in base 6?
-42531
What is -3221 (base 4) in base 7?
-452
-1220 (base 6) to base 13
-1a1
Convert -1d0 (base 14) to base 6.
-1430
Convert 2754 (base 8) to base 15.
6b1
Convert 8cc (base 13) to base 12.
a68
Convert 860 (base 16) to base 6.
13532
Convert -601 (base 13) to base 3.
-1101121
What is -1010112201 (base 3) in base 2?
-101011011111011
What is 5a2 (base 13) in base 5?
12402
Convert 32220 (base 6) to base 3.
20001010
Convert 133a0 (base 11) to base 9.
28180
What is -76b8 (base 13) in base 2?
-100000010100000
Convert -4166 (base 9) to base 14.
-1185
What is -1a8ac (base 13) in base 3?
-2122100212
3503 (base 7) to base 3
1202022
What is 3000 (base 9) in base 6?
14043
What is 1154 (base 10) in base 15?
51e
What is -3242 (base 10) in base 14?
-1278
Convert 11034 (base 5) to base 8.
1401
What is a16 (base 11) in base 9?
1613
Convert -112022211 (base 3) to base 12.
-6064
853 (base 12) to base 2
10010111111
Convert -6108 (base 10) to base 15.
-1c23
Convert -434 (base 8) to base 12.
-1b8
Convert -110110001001110 (base 2) to base 13.
-c80a
What is -672 (base 11) in base 13?
-49c
31203 (base 4) to base 12
603
-2195 (base 16) to base 9
-12712
Convert -20109 (base 10) to base 4.
-10322031
-b68 (base 12) to base 14
-86c
2522 (base 7) to base 14
4b9
What is -1205 (base